{"id":2827,"date":"2024-02-06T08:45:00","date_gmt":"2024-02-06T07:45:00","guid":{"rendered":"https:\/\/praktiska.se\/vasteras\/?page_id=2827"},"modified":"2026-01-12T11:39:48","modified_gmt":"2026-01-12T10:39:48","slug":"elevsalong","status":"publish","type":"page","link":"https:\/\/praktiska.se\/vasteras\/elevsalong\/","title":{"rendered":"Elevsalong"},"content":{"rendered":"\n\t\n\t\n\t\n\t\n\t\n\n<section \n\tclass=\"ams-hero ams-hero--classic ams-hero--100 c-block l-stacked  \"\n\tdata-color-scheme=\"hero\"\n\tstyle=\"\">\n\t<div class=\"ams-hero__container u-items-start u-justify-center\">\n\t\t<div\n\t\t\tclass=\"ams-hero__content l-stack l-stack-xl is-left is-left@md\" >\n\t\t\t<div class=\"l-stack l-stack-lg\">\n\t\t\t\t\t\n\t<h1\n\tclass=\"c-heading u-font-huge \"\n\tstyle=\"\">\n\t\t\n\t\t\t\t\t\t\t\t\t<span class=\"c-heading__sub is-above u-font-title-3\">\n\t\t\t\t\tV\u00e4lkommen till v\u00e5r\n\t\t\t\t<\/span>\n\t\t\t\tElevsalong\n\t\t\t\t\t\t\t\n\t<\/h1>\n\n\t\t\t\t\t\t\t\t\t<div class=\"text l-stack u-font-body\">\n\t\t\t\t\t\t<p>P\u00e5 Praktiska Gymnasiet i V\u00e4ster\u00e5s har v\u00e5ra duktiga elever p\u00e5 Fris\u00f6r- och stylistprogrammet en egen salong. Du blir trevligt bem\u00f6tt av v\u00e5ra proffsiga elever och f\u00e5r en ny frisyr till ett bra pris, samtidigt som v\u00e5ra elever f\u00e5r tr\u00e4na p\u00e5 att arbeta p\u00e5 olika sorters h\u00e5r. Du kan \u00e4ven f\u00e5 sk\u00e4gget trimmat samt naglar, fransar och bryn fixade. Lediga tider och priser hittar du i v\u00e5rt bokningssystem.<\/p>\n<p>Du hittar oss p\u00e5 Stora gatan 58 i V\u00e4ster\u00e5s.<\/p>\n<p>Varmt v\u00e4lkommen!<\/p>\n\n\t\t\t\t\t<\/div>\n\t\t\t\t\t\t\t<\/div>\n\n\t\t\t\t<div class=\"ams-hero__action u-inline-items\">\n\t\t\t\t\t\t\t\n\n\n<a href=\"https:\/\/wavy.nu\/se\/praktiska-gymnasiet-vasteras-vasteras\"\n\t\n\tclass=\"c-btn \"\n\tdata-style=\"round\"\n\tdata-size=\"md\"\n\tdata-width=\"full-mobile\"\n\tdata-variant=\"default\"\n\ttarget=\"_self\">\n\t\t\t<span class=\"label\"> Boka tid<\/span>\n\t\t\t<\/a>\n\t\t\t<\/div>\n\t\t<\/div>\n\t<\/div>\n\n\t\n\t\t\t\n\t\t\t\t\t\t\t\n\t\t\t\t<div class=\"c-bg c-bg--img\" data-settings=\"{&quot;desktop_settings&quot;:{&quot;size&quot;:&quot;cover&quot;,&quot;position&quot;:&quot;middle-center&quot;},&quot;mobile_settings&quot;:{&quot;size&quot;:&quot;cover&quot;,&quot;position&quot;:&quot;middle-center&quot;}}\" data-position=\"middle-center\" data-size=\"cover\">\n\t\t\t<img decoding=\"async\" width=\"1200\" height=\"738\" src=\"https:\/\/praktiska.se\/wp-content\/uploads\/sites\/39\/2024\/02\/praktiskatrollhattan202304202804-60-2-1-scaled-e1707122796374-1200x738.jpg\" class=\"attachment-xxl size-xxl\" alt=\"En elev som f\u00f6nar h\u00e5ret p\u00e5 en annan elev som sitter i en fris\u00f6rstol\" sizes=\"(max-width: 1200px) 100vw, 1200px\" srcset=\"https:\/\/praktiska.se\/wp-content\/uploads\/sites\/39\/2024\/02\/praktiskatrollhattan202304202804-60-2-1-scaled-e1707122796374-1200x738.jpg 1200w, https:\/\/praktiska.se\/wp-content\/uploads\/sites\/39\/2024\/02\/praktiskatrollhattan202304202804-60-2-1-scaled-e1707122796374-300x184.jpg 300w, https:\/\/praktiska.se\/wp-content\/uploads\/sites\/39\/2024\/02\/praktiskatrollhattan202304202804-60-2-1-scaled-e1707122796374-400x246.jpg 400w, https:\/\/praktiska.se\/wp-content\/uploads\/sites\/39\/2024\/02\/praktiskatrollhattan202304202804-60-2-1-scaled-e1707122796374-600x369.jpg 600w, https:\/\/praktiska.se\/wp-content\/uploads\/sites\/39\/2024\/02\/praktiskatrollhattan202304202804-60-2-1-scaled-e1707122796374-800x492.jpg 800w, https:\/\/praktiska.se\/wp-content\/uploads\/sites\/39\/2024\/02\/praktiskatrollhattan202304202804-60-2-1-scaled-e1707122796374-1024x630.jpg 1024w\" \/>\n\t\t<\/div>\n\t\n\t<div class=\"c-overlay\" style=\"--overlay-bg: rgba(40,40,40,0.6);\"><\/div>\n<\/section>\n","protected":false},"excerpt":{"rendered":"","protected":false},"author":17,"featured_media":0,"parent":0,"menu_order":0,"comment_status":"closed","ping_status":"closed","template":"","meta":{"footnotes":""},"yoast_head":"<!-- This site is optimized with the Yoast SEO plugin v22.0 - https:\/\/yoast.com\/wordpress\/plugins\/seo\/ -->\n<title>V\u00e5r Elevsalong i V\u00e4ster\u00e5s - Praktiska Gymnasiet<\/title>\n<meta name=\"description\" content=\"P\u00e5 Praktiska Gymnasiet i V\u00e4ster\u00e5s har v\u00e5ra duktiga elever p\u00e5 fris\u00f6rprogrammet en egen salong. Vi fixar ditt h\u00e5r efter dina \u00f6nskem\u00e5l.\" \/>\n<meta name=\"robots\" content=\"index, follow, max-snippet:-1, max-image-preview:large, max-video-preview:-1\" \/>\n<link rel=\"canonical\" href=\"https:\/\/praktiska.se\/vasteras\/elevsalong\/\" \/>\n<meta property=\"og:locale\" content=\"sv_SE\" \/>\n<meta property=\"og:type\" content=\"article\" \/>\n<meta property=\"og:title\" content=\"V\u00e5r Elevsalong i V\u00e4ster\u00e5s - Praktiska Gymnasiet\" \/>\n<meta property=\"og:description\" content=\"P\u00e5 Praktiska Gymnasiet i V\u00e4ster\u00e5s har v\u00e5ra duktiga elever p\u00e5 fris\u00f6rprogrammet en egen salong. Vi fixar ditt h\u00e5r efter dina \u00f6nskem\u00e5l.\" \/>\n<meta property=\"og:url\" content=\"https:\/\/praktiska.se\/vasteras\/elevsalong\/\" \/>\n<meta property=\"og:site_name\" content=\"V\u00e4ster\u00e5s\" \/>\n<meta property=\"article:modified_time\" content=\"2026-01-12T10:39:48+00:00\" \/>\n<meta name=\"twitter:card\" content=\"summary_large_image\" \/>\n<meta name=\"twitter:title\" content=\"V\u00e5r Elevsalong i V\u00e4ster\u00e5s - Praktiska Gymnasiet\" \/>\n<meta name=\"twitter:description\" content=\"P\u00e5 Praktiska Gymnasiet i V\u00e4ster\u00e5s har v\u00e5ra duktiga elever p\u00e5 fris\u00f6rprogrammet en egen salong. Vi fixar ditt h\u00e5r efter dina \u00f6nskem\u00e5l.\" \/>\n<meta name=\"twitter:label1\" content=\"Est. reading time\" \/>\n\t<meta name=\"twitter:data1\" content=\"1 minut\" \/>\n<script type=\"application\/ld+json\" class=\"yoast-schema-graph\">{\"@context\":\"https:\/\/schema.org\",\"@graph\":[{\"@type\":\"WebPage\",\"@id\":\"https:\/\/praktiska.se\/vasteras\/elevsalong\/\",\"url\":\"https:\/\/praktiska.se\/vasteras\/elevsalong\/\",\"name\":\"V\u00e5r Elevsalong i V\u00e4ster\u00e5s - Praktiska Gymnasiet\",\"isPartOf\":{\"@id\":\"https:\/\/praktiska.se\/vasteras\/#website\"},\"datePublished\":\"2024-02-06T07:45:00+00:00\",\"dateModified\":\"2026-01-12T10:39:48+00:00\",\"description\":\"P\u00e5 Praktiska Gymnasiet i V\u00e4ster\u00e5s har v\u00e5ra duktiga elever p\u00e5 fris\u00f6rprogrammet en egen salong. Vi fixar ditt h\u00e5r efter dina \u00f6nskem\u00e5l.\",\"breadcrumb\":{\"@id\":\"https:\/\/praktiska.se\/vasteras\/elevsalong\/#breadcrumb\"},\"inLanguage\":\"sv-SE\",\"potentialAction\":[{\"@type\":\"ReadAction\",\"target\":[\"https:\/\/praktiska.se\/vasteras\/elevsalong\/\"]}]},{\"@type\":\"BreadcrumbList\",\"@id\":\"https:\/\/praktiska.se\/vasteras\/elevsalong\/#breadcrumb\",\"itemListElement\":[{\"@type\":\"ListItem\",\"position\":1,\"name\":\"Start\",\"item\":\"https:\/\/praktiska.se\/vasteras\/\"},{\"@type\":\"ListItem\",\"position\":2,\"name\":\"Elevsalong\"}]},{\"@type\":\"WebSite\",\"@id\":\"https:\/\/praktiska.se\/vasteras\/#website\",\"url\":\"https:\/\/praktiska.se\/vasteras\/\",\"name\":\"V\u00e4ster\u00e5s\",\"description\":\"Vi utbildar framtidens arbetskraft\",\"potentialAction\":[{\"@type\":\"SearchAction\",\"target\":{\"@type\":\"EntryPoint\",\"urlTemplate\":\"https:\/\/praktiska.se\/vasteras\/?s={search_term_string}\"},\"query-input\":\"required name=search_term_string\"}],\"inLanguage\":\"sv-SE\"}]}<\/script>\n<!-- \/ Yoast SEO plugin. -->","yoast_head_json":{"title":"V\u00e5r Elevsalong i V\u00e4ster\u00e5s - Praktiska Gymnasiet","description":"P\u00e5 Praktiska Gymnasiet i V\u00e4ster\u00e5s har v\u00e5ra duktiga elever p\u00e5 fris\u00f6rprogrammet en egen salong. Vi fixar ditt h\u00e5r efter dina \u00f6nskem\u00e5l.","robots":{"index":"index","follow":"follow","max-snippet":"max-snippet:-1","max-image-preview":"max-image-preview:large","max-video-preview":"max-video-preview:-1"},"canonical":"https:\/\/praktiska.se\/vasteras\/elevsalong\/","og_locale":"sv_SE","og_type":"article","og_title":"V\u00e5r Elevsalong i V\u00e4ster\u00e5s - Praktiska Gymnasiet","og_description":"P\u00e5 Praktiska Gymnasiet i V\u00e4ster\u00e5s har v\u00e5ra duktiga elever p\u00e5 fris\u00f6rprogrammet en egen salong. Vi fixar ditt h\u00e5r efter dina \u00f6nskem\u00e5l.","og_url":"https:\/\/praktiska.se\/vasteras\/elevsalong\/","og_site_name":"V\u00e4ster\u00e5s","article_modified_time":"2026-01-12T10:39:48+00:00","twitter_card":"summary_large_image","twitter_title":"V\u00e5r Elevsalong i V\u00e4ster\u00e5s - Praktiska Gymnasiet","twitter_description":"P\u00e5 Praktiska Gymnasiet i V\u00e4ster\u00e5s har v\u00e5ra duktiga elever p\u00e5 fris\u00f6rprogrammet en egen salong. Vi fixar ditt h\u00e5r efter dina \u00f6nskem\u00e5l.","twitter_misc":{"Est. reading time":"1 minut"},"schema":{"@context":"https:\/\/schema.org","@graph":[{"@type":"WebPage","@id":"https:\/\/praktiska.se\/vasteras\/elevsalong\/","url":"https:\/\/praktiska.se\/vasteras\/elevsalong\/","name":"V\u00e5r Elevsalong i V\u00e4ster\u00e5s - Praktiska Gymnasiet","isPartOf":{"@id":"https:\/\/praktiska.se\/vasteras\/#website"},"datePublished":"2024-02-06T07:45:00+00:00","dateModified":"2026-01-12T10:39:48+00:00","description":"P\u00e5 Praktiska Gymnasiet i V\u00e4ster\u00e5s har v\u00e5ra duktiga elever p\u00e5 fris\u00f6rprogrammet en egen salong. Vi fixar ditt h\u00e5r efter dina \u00f6nskem\u00e5l.","breadcrumb":{"@id":"https:\/\/praktiska.se\/vasteras\/elevsalong\/#breadcrumb"},"inLanguage":"sv-SE","potentialAction":[{"@type":"ReadAction","target":["https:\/\/praktiska.se\/vasteras\/elevsalong\/"]}]},{"@type":"BreadcrumbList","@id":"https:\/\/praktiska.se\/vasteras\/elevsalong\/#breadcrumb","itemListElement":[{"@type":"ListItem","position":1,"name":"Start","item":"https:\/\/praktiska.se\/vasteras\/"},{"@type":"ListItem","position":2,"name":"Elevsalong"}]},{"@type":"WebSite","@id":"https:\/\/praktiska.se\/vasteras\/#website","url":"https:\/\/praktiska.se\/vasteras\/","name":"V\u00e4ster\u00e5s","description":"Vi utbildar framtidens arbetskraft","potentialAction":[{"@type":"SearchAction","target":{"@type":"EntryPoint","urlTemplate":"https:\/\/praktiska.se\/vasteras\/?s={search_term_string}"},"query-input":"required name=search_term_string"}],"inLanguage":"sv-SE"}]}},"_links":{"self":[{"href":"https:\/\/praktiska.se\/vasteras\/wp-json\/wp\/v2\/pages\/2827"}],"collection":[{"href":"https:\/\/praktiska.se\/vasteras\/wp-json\/wp\/v2\/pages"}],"about":[{"href":"https:\/\/praktiska.se\/vasteras\/wp-json\/wp\/v2\/types\/page"}],"author":[{"embeddable":true,"href":"https:\/\/praktiska.se\/vasteras\/wp-json\/wp\/v2\/users\/17"}],"replies":[{"embeddable":true,"href":"https:\/\/praktiska.se\/vasteras\/wp-json\/wp\/v2\/comments?post=2827"}],"version-history":[{"count":9,"href":"https:\/\/praktiska.se\/vasteras\/wp-json\/wp\/v2\/pages\/2827\/revisions"}],"predecessor-version":[{"id":3252,"href":"https:\/\/praktiska.se\/vasteras\/wp-json\/wp\/v2\/pages\/2827\/revisions\/3252"}],"wp:attachment":[{"href":"https:\/\/praktiska.se\/vasteras\/wp-json\/wp\/v2\/media?parent=2827"}],"curies":[{"name":"wp","href":"https:\/\/api.w.org\/{rel}","templated":true}]}}

<section 
	class="ams-hero ams-hero--classic ams-hero--100 c-block l-stacked  "
	data-color-scheme="hero"
	style="">
	<div class="ams-hero__container u-items-start u-justify-center">
		<div
			class="ams-hero__content l-stack l-stack-xl is-left is-left@md" >
			<div class="l-stack l-stack-lg">
					
	<h1
	class="c-heading u-font-huge "
	style="">
		
									<span class="c-heading__sub is-above u-font-title-3">
					Välkommen till vår
				</span>
				Elevsalong
							
	</h1>

									<div class="text l-stack u-font-body">
						<p>På Praktiska Gymnasiet i Västerås har våra duktiga elever på Frisör- och stylistprogrammet en egen salong. Du blir trevligt bemött av våra proffsiga elever och får en ny frisyr till ett bra pris, samtidigt som våra elever får träna på att arbeta på olika sorters hår. Du kan även få skägget trimmat samt naglar, fransar och bryn fixade. Lediga tider och priser hittar du i vårt bokningssystem.</p>
<p>Du hittar oss på Stora gatan 58 i Västerås.</p>
<p>Varmt välkommen!</p>

					</div>
							</div>

				<div class="ams-hero__action u-inline-items">
							


<a href="https://wavy.nu/se/praktiska-gymnasiet-vasteras-vasteras"
	
	class="c-btn "
	data-style="round"
	data-size="md"
	data-width="full-mobile"
	data-variant="default"
	target="_self">
			<span class="label"> Boka tid</span>
			</a>
			</div>
		</div>
	</div>

	
			
							
				<div class="c-bg c-bg--img" data-settings="{&quot;desktop_settings&quot;:{&quot;size&quot;:&quot;cover&quot;,&quot;position&quot;:&quot;middle-center&quot;},&quot;mobile_settings&quot;:{&quot;size&quot;:&quot;cover&quot;,&quot;position&quot;:&quot;middle-center&quot;}}" data-position="middle-center" data-size="cover">
			<img decoding="async" width="1200" height="738" src="https://praktiska.se/wp-content/uploads/sites/39/2024/02/praktiskatrollhattan202304202804-60-2-1-scaled-e1707122796374-1200x738.jpg" class="attachment-xxl size-xxl" alt="En elev som fönar håret på en annan elev som sitter i en frisörstol" sizes="(max-width: 1200px) 100vw, 1200px" srcset="https://praktiska.se/wp-content/uploads/sites/39/2024/02/praktiskatrollhattan202304202804-60-2-1-scaled-e1707122796374-1200x738.jpg 1200w, https://praktiska.se/wp-content/uploads/sites/39/2024/02/praktiskatrollhattan202304202804-60-2-1-scaled-e1707122796374-300x184.jpg 300w, https://praktiska.se/wp-content/uploads/sites/39/2024/02/praktiskatrollhattan202304202804-60-2-1-scaled-e1707122796374-400x246.jpg 400w, https://praktiska.se/wp-content/uploads/sites/39/2024/02/praktiskatrollhattan202304202804-60-2-1-scaled-e1707122796374-600x369.jpg 600w, https://praktiska.se/wp-content/uploads/sites/39/2024/02/praktiskatrollhattan202304202804-60-2-1-scaled-e1707122796374-800x492.jpg 800w, https://praktiska.se/wp-content/uploads/sites/39/2024/02/praktiskatrollhattan202304202804-60-2-1-scaled-e1707122796374-1024x630.jpg 1024w" />
		</div>
	
	<div class="c-overlay" style="--overlay-bg: rgba(40,40,40,0.6);"></div>
</section>

<!-- This site is optimized with the Yoast SEO plugin v22.0 - https://yoast.com/wordpress/plugins/seo/ -->
<title>Vår Elevsalong i Västerås - Praktiska Gymnasiet</title>
<meta name="description" content="På Praktiska Gymnasiet i Västerås har våra duktiga elever på frisörprogrammet en egen salong. Vi fixar ditt hår efter dina önskemål." />
<meta name="robots" content="index, follow, max-snippet:-1, max-image-preview:large, max-video-preview:-1" />
<link rel="canonical" href="https://praktiska.se/vasteras/elevsalong/" />
<meta property="og:locale" content="sv_SE" />
<meta property="og:type" content="article" />
<meta property="og:title" content="Vår Elevsalong i Västerås - Praktiska Gymnasiet" />
<meta property="og:description" content="På Praktiska Gymnasiet i Västerås har våra duktiga elever på frisörprogrammet en egen salong. Vi fixar ditt hår efter dina önskemål." />
<meta property="og:url" content="https://praktiska.se/vasteras/elevsalong/" />
<meta property="og:site_name" content="Västerås" />
<meta property="article:modified_time" content="2026-01-12T10:39:48+00:00" />
<meta name="twitter:card" content="summary_large_image" />
<meta name="twitter:title" content="Vår Elevsalong i Västerås - Praktiska Gymnasiet" />
<meta name="twitter:description" content="På Praktiska Gymnasiet i Västerås har våra duktiga elever på frisörprogrammet en egen salong. Vi fixar ditt hår efter dina önskemål." />
<meta name="twitter:label1" content="Est. reading time" />
	<meta name="twitter:data1" content="1 minut" />
<script type="application/ld+json" class="yoast-schema-graph">{"@context":"https://schema.org","@graph":[{"@type":"WebPage","@id":"https://praktiska.se/vasteras/elevsalong/","url":"https://praktiska.se/vasteras/elevsalong/","name":"Vår Elevsalong i Västerås - Praktiska Gymnasiet","isPartOf":{"@id":"https://praktiska.se/vasteras/#website"},"datePublished":"2024-02-06T07:45:00+00:00","dateModified":"2026-01-12T10:39:48+00:00","description":"På Praktiska Gymnasiet i Västerås har våra duktiga elever på frisörprogrammet en egen salong. Vi fixar ditt hår efter dina önskemål.","breadcrumb":{"@id":"https://praktiska.se/vasteras/elevsalong/#breadcrumb"},"inLanguage":"sv-SE","potentialAction":[{"@type":"ReadAction","target":["https://praktiska.se/vasteras/elevsalong/"]}]},{"@type":"BreadcrumbList","@id":"https://praktiska.se/vasteras/elevsalong/#breadcrumb","itemListElement":[{"@type":"ListItem","position":1,"name":"Start","item":"https://praktiska.se/vasteras/"},{"@type":"ListItem","position":2,"name":"Elevsalong"}]},{"@type":"WebSite","@id":"https://praktiska.se/vasteras/#website","url":"https://praktiska.se/vasteras/","name":"Västerås","description":"Vi utbildar framtidens arbetskraft","potentialAction":[{"@type":"SearchAction","target":{"@type":"EntryPoint","urlTemplate":"https://praktiska.se/vasteras/?s={search_term_string}"},"query-input":"required name=search_term_string"}],"inLanguage":"sv-SE"}]}</script>
<!-- / Yoast SEO plugin. -->

Vår Elevsalong i Västerås - Praktiska Gymnasiet

På Praktiska Gymnasiet i Västerås har våra duktiga elever på frisörprogrammet en egen salong. Vi fixar ditt hår efter dina önskemål.

Västerås
