{"id":3623,"date":"2026-09-01T15:33:13","date_gmt":"2026-09-01T13:33:13","guid":{"rendered":"https:\/\/praktiska.se\/gavle\/?page_id=3623"},"modified":"2026-09-01T15:38:04","modified_gmt":"2026-09-01T13:38:04","slug":"kamerabevakning","status":"publish","type":"page","link":"https:\/\/praktiska.se\/gavle\/kamerabevakning\/","title":{"rendered":"Kamerabevakning"},"content":{"rendered":"\n<div class=\"wp-block-group is-layout-constrained wp-block-group-is-layout-constrained\">\n<h1 class=\"wp-block-heading\">Kamera\u00f6vervakning<\/h1>\n\n\n\n<p   class=\"site__ingress container text-left  site__text-color--dark  site__free_text--ingress p-0\">\n\tSkolan\u00a0kamerabevakar\u00a0f\u00f6r att f\u00f6rhindra och f\u00f6rebygga brott. D\u00e4rigenom ska skolan bli tryggare. Academedia\u00a0\u00e4r personuppgiftsansvarig. Bevakningen sker\u00a0dagtid i gemensamma utrymmen. Ljud spelas inte in.\u00a0<\/p>\n\n\n\n\n\n<p>Den r\u00e4ttsliga grunden \u00e4r allm\u00e4nt intresse utifr\u00e5n krav i skollagen och arbetsmilj\u00f6lagen p\u00e5 en trygg skol- och arbetsmilj\u00f6.&nbsp;<\/p>\n\n\n\n<p>Rektor har \u00e5tkomst till materialet och tar del vid incidenter. Material kan \u00f6verf\u00f6ras till Polisen och andra myndigheter.&nbsp;<\/p>\n\n\n\n<p>Filmat material sparas 3 dygn, filmer fr\u00e5n incidenter sparas l\u00e4ngre (vanligen 2 \u00e5r). Uppgifter f\u00f6rs inte \u00f6ver till s.k. tredje land.&nbsp;<\/p>\n\n\n\n<p>Filmade kan inv\u00e4nda mot bevakningen, beg\u00e4ra radering eller tillg\u00e5ng. De kan \u00e4ven skicka in klagom\u00e5l. Fr\u00e5gor riktas till skolans rektor, likas\u00e5 inv\u00e4ndning, beg\u00e4ran om radering eller tillg\u00e5ng.&nbsp;<\/p>\n\n\n\n<p>Klagom\u00e5l p\u00e5 bevakningen kan riktas till skolans dataskyddsombud (<a href=\"mailto:dataskydd@acadmedia.se\">dataskydd@acadmedia.se<\/a>) eller tillsynsmyndigheten IMY (<a href=\"mailto:imy@imy.se\">imy@imy.se<\/a>).<\/p>\n<\/div>\n","protected":false},"excerpt":{"rendered":"<p>Kamera\u00f6vervakning Den r\u00e4ttsliga grunden \u00e4r allm\u00e4nt intresse utifr\u00e5n krav i skollagen och arbetsmilj\u00f6lagen p\u00e5 en trygg skol- och arbetsmilj\u00f6.&nbsp; Rektor har \u00e5tkomst till materialet och tar del vid incidenter. Material kan \u00f6verf\u00f6ras till Polisen och andra myndigheter.&nbsp; Filmat material sparas 3 dygn, filmer fr\u00e5n incidenter sparas l\u00e4ngre (vanligen 2 \u00e5r). Uppgifter f\u00f6rs inte \u00f6ver till&#8230;<\/p>\n","protected":false},"author":138,"featured_media":0,"parent":0,"menu_order":0,"comment_status":"closed","ping_status":"closed","template":"","meta":{"footnotes":""},"yoast_head":"<!-- This site is optimized with the Yoast SEO plugin v22.0 - https:\/\/yoast.com\/wordpress\/plugins\/seo\/ -->\n<title>G\u00e4vle<\/title>\n<meta name=\"description\" content=\"Skolan\u00a0kamerabevakar\u00a0f\u00f6r att f\u00f6rhindra och f\u00f6rebygga brott. D\u00e4rigenom ska skolan bli tryggare. Academedia\u00a0\u00e4r personuppgiftsansvarig. Bevakningen sker\u00a0dagtid i gemensamma utrymmen. Ljud spelas inte in.\u00a0\" \/>\n<meta name=\"robots\" content=\"index, follow, max-snippet:-1, max-image-preview:large, max-video-preview:-1\" \/>\n<link rel=\"canonical\" href=\"https:\/\/praktiska.se\/gavle\/kamerabevakning\/\" \/>\n<meta property=\"og:locale\" content=\"sv_SE\" \/>\n<meta property=\"og:type\" content=\"article\" \/>\n<meta property=\"og:description\" content=\"Skolan\u00a0kamerabevakar\u00a0f\u00f6r att f\u00f6rhindra och f\u00f6rebygga brott. D\u00e4rigenom ska skolan bli tryggare. Academedia\u00a0\u00e4r personuppgiftsansvarig. Bevakningen sker\u00a0dagtid i gemensamma utrymmen. Ljud spelas inte in.\u00a0\" \/>\n<meta property=\"og:url\" content=\"https:\/\/praktiska.se\/gavle\/kamerabevakning\/\" \/>\n<meta property=\"og:site_name\" content=\"G\u00e4vle\" \/>\n<meta property=\"article:modified_time\" content=\"2026-09-01T13:38:04+00:00\" \/>\n<meta name=\"twitter:card\" content=\"summary_large_image\" \/>\n<meta name=\"twitter:description\" content=\"Skolan\u00a0kamerabevakar\u00a0f\u00f6r att f\u00f6rhindra och f\u00f6rebygga brott. D\u00e4rigenom ska skolan bli tryggare. Academedia\u00a0\u00e4r personuppgiftsansvarig. Bevakningen sker\u00a0dagtid i gemensamma utrymmen. Ljud spelas inte in.\u00a0\" \/>\n<meta name=\"twitter:label1\" content=\"Est. reading time\" \/>\n\t<meta name=\"twitter:data1\" content=\"1 minut\" \/>\n<script type=\"application\/ld+json\" class=\"yoast-schema-graph\">{\"@context\":\"https:\/\/schema.org\",\"@graph\":[{\"@type\":\"WebPage\",\"@id\":\"https:\/\/praktiska.se\/gavle\/kamerabevakning\/\",\"url\":\"https:\/\/praktiska.se\/gavle\/kamerabevakning\/\",\"name\":\"Kamerabevakning - G\u00e4vle\",\"isPartOf\":{\"@id\":\"https:\/\/praktiska.se\/gavle\/#website\"},\"datePublished\":\"2026-09-01T13:33:13+00:00\",\"dateModified\":\"2026-09-01T13:38:04+00:00\",\"description\":\"Skolan\u00a0kamerabevakar\u00a0f\u00f6r att f\u00f6rhindra och f\u00f6rebygga brott. D\u00e4rigenom ska skolan bli tryggare. Academedia\u00a0\u00e4r personuppgiftsansvarig. Bevakningen sker\u00a0dagtid i gemensamma utrymmen. Ljud spelas inte in.\u00a0\",\"breadcrumb\":{\"@id\":\"https:\/\/praktiska.se\/gavle\/kamerabevakning\/#breadcrumb\"},\"inLanguage\":\"sv-SE\",\"potentialAction\":[{\"@type\":\"ReadAction\",\"target\":[\"https:\/\/praktiska.se\/gavle\/kamerabevakning\/\"]}]},{\"@type\":\"BreadcrumbList\",\"@id\":\"https:\/\/praktiska.se\/gavle\/kamerabevakning\/#breadcrumb\",\"itemListElement\":[{\"@type\":\"ListItem\",\"position\":1,\"name\":\"Start\",\"item\":\"https:\/\/praktiska.se\/gavle\/\"},{\"@type\":\"ListItem\",\"position\":2,\"name\":\"Kamerabevakning\"}]},{\"@type\":\"WebSite\",\"@id\":\"https:\/\/praktiska.se\/gavle\/#website\",\"url\":\"https:\/\/praktiska.se\/gavle\/\",\"name\":\"G\u00e4vle\",\"description\":\"Vi utbildar framtidens arbetskraft\",\"potentialAction\":[{\"@type\":\"SearchAction\",\"target\":{\"@type\":\"EntryPoint\",\"urlTemplate\":\"https:\/\/praktiska.se\/gavle\/?s={search_term_string}\"},\"query-input\":\"required name=search_term_string\"}],\"inLanguage\":\"sv-SE\"}]}<\/script>\n<!-- \/ Yoast SEO plugin. -->","yoast_head_json":{"title":"G\u00e4vle","description":"Skolan\u00a0kamerabevakar\u00a0f\u00f6r att f\u00f6rhindra och f\u00f6rebygga brott. D\u00e4rigenom ska skolan bli tryggare. Academedia\u00a0\u00e4r personuppgiftsansvarig. Bevakningen sker\u00a0dagtid i gemensamma utrymmen. Ljud spelas inte in.\u00a0","robots":{"index":"index","follow":"follow","max-snippet":"max-snippet:-1","max-image-preview":"max-image-preview:large","max-video-preview":"max-video-preview:-1"},"canonical":"https:\/\/praktiska.se\/gavle\/kamerabevakning\/","og_locale":"sv_SE","og_type":"article","og_description":"Skolan\u00a0kamerabevakar\u00a0f\u00f6r att f\u00f6rhindra och f\u00f6rebygga brott. D\u00e4rigenom ska skolan bli tryggare. Academedia\u00a0\u00e4r personuppgiftsansvarig. Bevakningen sker\u00a0dagtid i gemensamma utrymmen. Ljud spelas inte in.\u00a0","og_url":"https:\/\/praktiska.se\/gavle\/kamerabevakning\/","og_site_name":"G\u00e4vle","article_modified_time":"2026-09-01T13:38:04+00:00","twitter_card":"summary_large_image","twitter_description":"Skolan\u00a0kamerabevakar\u00a0f\u00f6r att f\u00f6rhindra och f\u00f6rebygga brott. D\u00e4rigenom ska skolan bli tryggare. Academedia\u00a0\u00e4r personuppgiftsansvarig. Bevakningen sker\u00a0dagtid i gemensamma utrymmen. Ljud spelas inte in.\u00a0","twitter_misc":{"Est. reading time":"1 minut"},"schema":{"@context":"https:\/\/schema.org","@graph":[{"@type":"WebPage","@id":"https:\/\/praktiska.se\/gavle\/kamerabevakning\/","url":"https:\/\/praktiska.se\/gavle\/kamerabevakning\/","name":"Kamerabevakning - G\u00e4vle","isPartOf":{"@id":"https:\/\/praktiska.se\/gavle\/#website"},"datePublished":"2026-09-01T13:33:13+00:00","dateModified":"2026-09-01T13:38:04+00:00","description":"Skolan\u00a0kamerabevakar\u00a0f\u00f6r att f\u00f6rhindra och f\u00f6rebygga brott. D\u00e4rigenom ska skolan bli tryggare. Academedia\u00a0\u00e4r personuppgiftsansvarig. Bevakningen sker\u00a0dagtid i gemensamma utrymmen. Ljud spelas inte in.\u00a0","breadcrumb":{"@id":"https:\/\/praktiska.se\/gavle\/kamerabevakning\/#breadcrumb"},"inLanguage":"sv-SE","potentialAction":[{"@type":"ReadAction","target":["https:\/\/praktiska.se\/gavle\/kamerabevakning\/"]}]},{"@type":"BreadcrumbList","@id":"https:\/\/praktiska.se\/gavle\/kamerabevakning\/#breadcrumb","itemListElement":[{"@type":"ListItem","position":1,"name":"Start","item":"https:\/\/praktiska.se\/gavle\/"},{"@type":"ListItem","position":2,"name":"Kamerabevakning"}]},{"@type":"WebSite","@id":"https:\/\/praktiska.se\/gavle\/#website","url":"https:\/\/praktiska.se\/gavle\/","name":"G\u00e4vle","description":"Vi utbildar framtidens arbetskraft","potentialAction":[{"@type":"SearchAction","target":{"@type":"EntryPoint","urlTemplate":"https:\/\/praktiska.se\/gavle\/?s={search_term_string}"},"query-input":"required name=search_term_string"}],"inLanguage":"sv-SE"}]}},"_links":{"self":[{"href":"https:\/\/praktiska.se\/gavle\/wp-json\/wp\/v2\/pages\/3623"}],"collection":[{"href":"https:\/\/praktiska.se\/gavle\/wp-json\/wp\/v2\/pages"}],"about":[{"href":"https:\/\/praktiska.se\/gavle\/wp-json\/wp\/v2\/types\/page"}],"author":[{"embeddable":true,"href":"https:\/\/praktiska.se\/gavle\/wp-json\/wp\/v2\/users\/138"}],"replies":[{"embeddable":true,"href":"https:\/\/praktiska.se\/gavle\/wp-json\/wp\/v2\/comments?post=3623"}],"version-history":[{"count":4,"href":"https:\/\/praktiska.se\/gavle\/wp-json\/wp\/v2\/pages\/3623\/revisions"}],"predecessor-version":[{"id":3629,"href":"https:\/\/praktiska.se\/gavle\/wp-json\/wp\/v2\/pages\/3623\/revisions\/3629"}],"wp:attachment":[{"href":"https:\/\/praktiska.se\/gavle\/wp-json\/wp\/v2\/media?parent=3623"}],"curies":[{"name":"wp","href":"https:\/\/api.w.org\/{rel}","templated":true}]}}

<div class="wp-block-group is-layout-constrained wp-block-group-is-layout-constrained">
<h1 class="wp-block-heading">Kameraövervakning</h1>



<p   class="site__ingress container text-left  site__text-color--dark  site__free_text--ingress p-0">
	Skolan kamerabevakar för att förhindra och förebygga brott. Därigenom ska skolan bli tryggare. Academedia är personuppgiftsansvarig. Bevakningen sker dagtid i gemensamma utrymmen. Ljud spelas inte in. </p>





<p>Den rättsliga grunden är allmänt intresse utifrån krav i skollagen och arbetsmiljölagen på en trygg skol- och arbetsmiljö.&nbsp;</p>



<p>Rektor har åtkomst till materialet och tar del vid incidenter. Material kan överföras till Polisen och andra myndigheter.&nbsp;</p>



<p>Filmat material sparas 3 dygn, filmer från incidenter sparas längre (vanligen 2 år). Uppgifter förs inte över till s.k. tredje land.&nbsp;</p>



<p>Filmade kan invända mot bevakningen, begära radering eller tillgång. De kan även skicka in klagomål. Frågor riktas till skolans rektor, likaså invändning, begäran om radering eller tillgång.&nbsp;</p>



<p>Klagomål på bevakningen kan riktas till skolans dataskyddsombud (<a href="mailto:dataskydd@acadmedia.se">dataskydd@acadmedia.se</a>) eller tillsynsmyndigheten IMY (<a href="mailto:imy@imy.se">imy@imy.se</a>).</p>
</div>

<p>Kameraövervakning Den rättsliga grunden är allmänt intresse utifrån krav i skollagen och arbetsmiljölagen på en trygg skol- och arbetsmiljö.&nbsp; Rektor har åtkomst till materialet och tar del vid incidenter. Material kan överföras till Polisen och andra myndigheter.&nbsp; Filmat material sparas 3 dygn, filmer från incidenter sparas längre (vanligen 2 år). Uppgifter förs inte över till&#8230;</p>

<!-- This site is optimized with the Yoast SEO plugin v22.0 - https://yoast.com/wordpress/plugins/seo/ -->
<title>Gävle</title>
<meta name="description" content="Skolan kamerabevakar för att förhindra och förebygga brott. Därigenom ska skolan bli tryggare. Academedia är personuppgiftsansvarig. Bevakningen sker dagtid i gemensamma utrymmen. Ljud spelas inte in. " />
<meta name="robots" content="index, follow, max-snippet:-1, max-image-preview:large, max-video-preview:-1" />
<link rel="canonical" href="https://praktiska.se/gavle/kamerabevakning/" />
<meta property="og:locale" content="sv_SE" />
<meta property="og:type" content="article" />
<meta property="og:description" content="Skolan kamerabevakar för att förhindra och förebygga brott. Därigenom ska skolan bli tryggare. Academedia är personuppgiftsansvarig. Bevakningen sker dagtid i gemensamma utrymmen. Ljud spelas inte in. " />
<meta property="og:url" content="https://praktiska.se/gavle/kamerabevakning/" />
<meta property="og:site_name" content="Gävle" />
<meta property="article:modified_time" content="2026-09-01T13:38:04+00:00" />
<meta name="twitter:card" content="summary_large_image" />
<meta name="twitter:description" content="Skolan kamerabevakar för att förhindra och förebygga brott. Därigenom ska skolan bli tryggare. Academedia är personuppgiftsansvarig. Bevakningen sker dagtid i gemensamma utrymmen. Ljud spelas inte in. " />
<meta name="twitter:label1" content="Est. reading time" />
	<meta name="twitter:data1" content="1 minut" />
<script type="application/ld+json" class="yoast-schema-graph">{"@context":"https://schema.org","@graph":[{"@type":"WebPage","@id":"https://praktiska.se/gavle/kamerabevakning/","url":"https://praktiska.se/gavle/kamerabevakning/","name":"Kamerabevakning - Gävle","isPartOf":{"@id":"https://praktiska.se/gavle/#website"},"datePublished":"2026-09-01T13:33:13+00:00","dateModified":"2026-09-01T13:38:04+00:00","description":"Skolan kamerabevakar för att förhindra och förebygga brott. Därigenom ska skolan bli tryggare. Academedia är personuppgiftsansvarig. Bevakningen sker dagtid i gemensamma utrymmen. Ljud spelas inte in. ","breadcrumb":{"@id":"https://praktiska.se/gavle/kamerabevakning/#breadcrumb"},"inLanguage":"sv-SE","potentialAction":[{"@type":"ReadAction","target":["https://praktiska.se/gavle/kamerabevakning/"]}]},{"@type":"BreadcrumbList","@id":"https://praktiska.se/gavle/kamerabevakning/#breadcrumb","itemListElement":[{"@type":"ListItem","position":1,"name":"Start","item":"https://praktiska.se/gavle/"},{"@type":"ListItem","position":2,"name":"Kamerabevakning"}]},{"@type":"WebSite","@id":"https://praktiska.se/gavle/#website","url":"https://praktiska.se/gavle/","name":"Gävle","description":"Vi utbildar framtidens arbetskraft","potentialAction":[{"@type":"SearchAction","target":{"@type":"EntryPoint","urlTemplate":"https://praktiska.se/gavle/?s={search_term_string}"},"query-input":"required name=search_term_string"}],"inLanguage":"sv-SE"}]}</script>
<!-- / Yoast SEO plugin. -->

Gävle

Skolan kamerabevakar för att förhindra och förebygga brott. Därigenom ska skolan bli tryggare. Academedia är personuppgiftsansvarig. Bevakningen sker dagtid i gemensamma utrymmen. Ljud spelas inte in.

Kamerabevakning - Gävle
